hat are the prime factors of 283283?
7, 11, 13, 283
What are the prime factors of 19842387?
3, 31, 213359
What are the prime factors of 21881640?
2, 3, 5, 11, 137
What are the prime factors of 156946?
2, 97, 809
What are the prime factors of 563045?
5, 7, 16087
What are the prime factors of 4442935?
5, 7, 61, 2081
What are the prime factors of 17909202?
2, 3, 2984867
What are the prime factors of 132826?
2, 66413
What are the prime factors of 1982240?
2, 5, 13, 953
List the prime factors of 321836.
2, 61, 1319
What are the prime factors of 532845?
3, 5, 3947
What are the prime factors of 4277233?
127, 33679
List the prime factors of 551099.
551099
What are the prime factors of 2221506?
2, 3, 7, 653
What are the prime factors of 26629412?
2, 17, 19, 20611
What are the prime factors of 294908?
2, 73727
List the prime factors of 19336338.
2, 3, 7, 19, 41, 197
What are the prime factors of 696851?
696851
What are the prime factors of 534125?
5, 4273
What are the prime factors of 2573780?
2, 5, 11, 11699
What are the prime factors of 10297377?
3, 1144153
List the prime factors of 624269.
181, 3449
List the prime factors of 578804.
2, 144701
List the prime factors of 20349619.
29, 701711
What are the prime factors of 1071106?
2, 19, 71, 397
What are the prime factors of 1087482?
2, 3, 11, 16477
What are the prime factors of 244898?
2, 122449
What are the prime factors of 877474?
2, 13, 33749
What are the prime factors of 11877967?
139, 85453
List the prime factors of 278885.
5, 17, 193
What are the prime factors of 1949112?
2, 3, 11, 23, 107
List the prime factors of 1118570.
2, 5, 111857
What are the prime factors of 2164099?
7, 309157
What are the prime factors of 5618656?
2, 71, 2473
List the prime factors of 1202839.
11, 43, 2543
List the prime factors of 553545.
3, 5, 12301
What are the prime factors of 18707418?
2, 3, 23, 73, 619
List the prime factors of 59582.
2, 31
List the prime factors of 10822.
2, 7, 773
List the prime factors of 1205368.
2, 17, 8863
List the prime factors of 2436163.
2436163
List the prime factors of 831299.
7, 118757
List the prime factors of 3564509.
13, 17, 127
What are the prime factors of 1670304?
2, 3, 127, 137
What are the prime factors of 102694?
2, 51347
List the prime factors of 10711316.
2, 7, 11, 83, 419
List the prime factors of 2074660.
2, 5, 7, 29, 73
What are the prime factors of 5915222?
2, 59, 50129
List the prime factors of 3070198.
2, 101, 15199
What are the prime factors of 773241?
3, 7, 36821
What are the prime factors of 157537?
263, 599
List the prime factors of 11469062.
2, 11, 79, 6599
List the prime factors of 249894.
2, 3, 13883
What are the prime factors of 281264?
2, 17579
List the prime factors of 5067606.
2, 3, 844601
List the prime factors of 5761950.
2, 3, 5, 107, 359
List the prime factors of 2708443.
2708443
List the prime factors of 2127231.
3, 71, 3329
List the prime factors of 1540837.
1039, 1483
List the prime factors of 1767155.
5, 13, 31, 877
List the prime factors of 1143800.
2, 5, 7, 19, 43
What are the prime factors of 31132802?
2, 83, 187547
List the prime factors of 6090691.
6090691
List the prime factors of 12875688.
2, 3, 7, 59, 433
What are the prime factors of 254036?
2, 41, 1549
List the prime factors of 9385560.
2, 3, 5, 29, 31
List the prime factors of 1377626.
2, 688813
List the prime factors of 11323731.
3, 3774577
What are the prime factors of 1271216?
2, 79451
What are the prime factors of 3752619?
3, 13, 96221
What are the prime factors of 775919?
775919
What are the prime factors of 968417?
827, 1171
What are the prime factors of 2322459?
3, 86017
What are the prime factors of 320606?
2, 11, 13, 19, 59
What are the prime factors of 5094396?
2, 3, 141511
List the prime factors of 3742276.
2, 29, 32261
List the prime factors of 4183877.
617, 6781
What are the prime factors of 1285096?
2, 160637
What are the prime factors of 15001470?
2, 3, 5, 11, 5051
List the prime factors of 4309103.
349, 12347
What are the prime factors of 6911733?
3, 101, 22811
What are the prime factors of 2237114?
2, 11, 61, 1667
List the prime factors of 10644536.
2, 7, 131, 1451
List the prime factors of 6222219.
3, 179, 11587
List the prime factors of 16782528.
2, 3, 7, 12487
What are the prime factors of 31220542?
2, 15610271
What are the prime factors of 1460795?
5, 7, 41737
List the prime factors of 2081362.
2, 23, 45247
List the prime factors of 534160.
2, 5, 11, 607
List the prime factors of 63782.
2, 31891
What are the prime factors of 95514?
2, 3, 15919
List the prime factors of 989750.
2, 5, 37, 107
List the prime factors of 251560.
2, 5, 19, 331
What are the prime factors of 2931883?
2931883
List the prime factors of 40714.
2, 20357
List the prime factors of 1062785.
5, 212557
What are the prime factors of 944860?
2, 5, 7, 17, 397
List the prime factors of 60896.
2, 11, 173
What are the prime factors of 201717?
3, 31, 241
What are the prime factors of 6470460?
2, 3, 5, 103, 349
What are the prime factors of 2783979?
3, 11, 61, 461
List the prime factors of 13502254.
2, 47, 379
List the prime factors of 6290132.
2, 23, 68371
What are the prime factors of 271797?
3, 90599
What are the prime factors of 249835?
5, 29, 1723
List the prime factors of 502396.
2, 29, 61, 71
What are the prime factors of 11478312?
2, 3, 159421
What are the prime factors of 1286516?
2, 7, 11, 4177
List the prime factors of 15753362.
2, 1297, 6073
What are the prime factors of 34171985?
5, 6834397
List the prime factors of 632401.
7, 11, 43, 191
What are the prime factors of 3380222?
2, 701, 2411
What are the prime factors of 1248833?
1248833
List the prime factors of 349207.
349207
What are the prime factors of 2464854?
2, 3, 7, 58687
What are the prime factors of 1292851?
7, 184693
What are the prime factors of 57424?
2, 37, 97
List the prime factors of 4714767.
3, 58207
What are the prime factors of 815917?
19, 42943
What are the prime factors of 787099?
787099
What are the prime factors of 1393146?
2, 3, 25799
List the prime factors of 4873833.
3, 541537
What are the prime factors of 3627584?
2, 56681
What are the prime factors of 2755815?
3, 5, 41, 4481
What are the prime factors of 53284?
2, 7, 11, 173
What are the prime factors of 6968356?
2, 23, 75743
What are the prime factors of 7972389?
3, 885821
What are the prime factors of 3580410?
2, 3, 5, 23, 5189
List the prime factors of 1048971.
3, 7, 11, 19, 239
List the prime factors of 539404.
2, 134851
What are the prime factors of 1107405?
3, 5, 13, 631
List the prime factors of 42758387.
7, 6108341
List the prime factors of 364836.
2, 3, 30403
List the prime factors of 1225735.
5, 7, 5003
List the prime factors of 3392562.
2, 3, 565427
List the prime factors of 390980.
2, 5, 113, 173
List the prime factors of 107491.
17, 6323
List the prime factors of 39804.
2, 3, 31, 107
List the prime factors of 31939.
19, 41
List the prime factors of 16032824.
2, 29, 2383
What are the prime factors of 26404?
2, 7, 23, 41
List the prime factors of 280540.
2, 5, 13, 83
List the prime factors of 393530.
2, 5, 23, 29, 59
List the prime factors of 1477930.
2, 5, 147793
List the prime factors of 138348.
2, 3, 7, 61
List the prime factors of 24469.
24469
List the prime factors of 1749275.
5, 11, 6361
List the prime factors of 564825.
3, 5, 17, 443
What are the prime factors of 273416?
2, 11, 13, 239
What are the prime factors of 813943?
13, 17, 29, 127
What are the prime factors of 323617?
7, 83, 557
List the prime factors of 490024.
2, 61253
List the prime factors of 722171.
19, 191, 199
What are the prime factors of 1925961?
3, 37, 17351
What are the prime factors of 3019298?
2, 127, 11887
What are the prime factors of 90714?
2, 3, 13, 1163
List the prime factors of 2796097.
19, 147163
List the prime factors of 456007.
456007
List the prime factors of 229268.
2, 13, 4409
List the prime factors of 7543378.
2, 3771689
List the prime factors of 250914.
2, 3, 19, 31, 71
What are the prime factors of 6065686?
2, 11, 293, 941
List the prime factors of 1608082.
2, 7, 61, 269
What are the prime factors of 6645499?
7, 131, 7247
List the prime factors of 1066765.
5, 7, 29, 1051
What are the prime factors of 633136?
2, 7, 5653
What are the prime factors of 2053766?
2, 11, 